What is 5 - (1 - -5 - -2)?
-3
-4 + 3 + -2 + (-3 - -4)
-2
Evaluate 5 + -7 + 2 - 1.
-1
Evaluate (-2 - (0 + (0 - -3))) + 4.
-1
0 + (-3 - ((-11 - -4) + -4))
8
What is the value of 0 + -1 + 6 + -2?
3
Evaluate 0 + 2 + 2 - 9.
-5
Evaluate 0 - (4 - 0) - (30 - 38).
4
What is (-5 + 4 - (-1 - 0)) + -3?
-3
What is (0 - -1) + (-10 - -5) + 6?
2
3 + (-2 - 1) - 1
-1
What is the value of 4 - (2 + 0 + 4) - 1?
-3
What is -6 - -3 - (6 + (0 - 4))?
-5
1 - (-2 + -7 - -5)
5
Evaluate 0 + -4 + (-5 - -6) - -7.
4
Calculate 58 - 52 - (9 + -1) - -10.
8
What is -3 - ((-5 - -2) + 1 + 8)?
-9
What is -2 + (5 - -1) + (0 - 0)?
4
What is the value of -40 - -38 - (-3 + 0)?
1
Evaluate (0 - -3) + -6 + 7.
4
What is the value of -4 + (5 - (2 + -2)) - 1?
0
Calculate 9 + 6 + -4 + -11.
0
Calculate -7 + 6 + (-1 - 2).
-4
Evaluate 4 - 1 - (8 - 1).
-4
Calculate (3 + 1 - 2) + -2.
0
Calculate (-2 - (-6 + 7)) + 2.
-1
Calculate (-1 - -6) + (9 - -1) + -5.
10
What is 18 + -6 - 26 - -15?
1
What is -16 - (-7 + (-4 - -1))?
-6
What is -11 + 5 - (-18 - -9)?
3
What is (5 - 3) + 9 + (-7 - 2)?
2
Calculate (-2 - -1) + -2 + 9 + -3.
3
Evaluate (0 - 10) + -68 + 81.
3
Evaluate (7 - -7) + -4 + (3 - 4).
9
Evaluate (-3 - -3) + -7 + 0 + 2.
-5
-1 + (0 - (1 - (0 - 4)))
-6
What is 1 + 2 + -3 + -2 + -2?
-4
2 + -3 + 6 + (5 - 12)
-2
Calculate (2 - 2) + -3 + 1.
-2
-1 - (-1 - (0 + 2 - 3))
-1
What is 5 - (0 - (-8 + 4))?
1
Calculate 7 + (0 - (1 + (-4 - -9))).
1
What is the value of 10 + (1 - 6) + -8?
-3
What is (-3 - -6) + 0 + 0 + 0?
3
2 - (3 + (-3 + -1 - 1))
4
What is -16 + 16 - (1 - 6)?
5
6 - 16 - (-3 + -2)
-5
What is the value of 0 + 6 - 8 - -4?
2
Evaluate 11 + (-10 - -17) + -10.
8
(15 + 0 - 5) + -9
1
(-5 - (-2 - (3 - -1))) + 0
1
What is the value of (7 - (1 - (-3 + -7))) + -5?
-9
Calculate (-3 - -3 - 2) + (1 - 3).
-4
Calculate -1 + -3 + (3 - 2).
-3
What is -22 + 28 + -15 + 0?
-9
What is -2 - -1 - -2 - (-3 - 0)?
4
What is the value of 8 - 6 - 4 - -6?
4
Calculate -6 + -14 + 12 - -17.
9
What is the value of -4 + -1 + 6 + -1?
0
-3 - 1 - -3 - (-12 - -6)
5
Calculate (-22 - -15) + 15 + -2.
6
What is 6 - (3 + -1 + -1)?
5
Evaluate 21 - 9 - -4 - 12.
4
Calculate 1 + (6 - 7 - (6 + -1)).
-5
Evaluate (0 - -4) + 0 - (-15 - -22).
-3
Calculate -35 + 40 + (-6 - 0 - -1).
0
What is the value of 3 - ((1 - (0 - 3)) + 0)?
-1
-7 - -1 - (4 + -12)
2
Calculate (-1 - 7) + (-1 - (3 + -16)).
4
What is -3 - 3 - 6 - -9?
-3
What is the value of (1 + 2 - 1 - 4) + 6?
4
238 - 235 - (0 + (0 - -2))
1
What is -8 + -4 + 11 + -1?
-2
Calculate 4 + (0 - 0) - 6.
-2
Calculate (1 - 0) + -1 - (-13 - -9).
4
-2 + 0 + (0 - (5 + -4))
-3
Calculate -20 + 12 + 11 - 5.
-2
What is 1 + (-1 - (-2 - 1))?
3
Evaluate -9 + (-3 - -7) + (0 - 0).
-5
What is the value of (-2 + -1 - (4 + -12)) + 0?
5
What is the value of 1 - (4 + 1 + 1)?
-5
What is 14 - 9 - (0 - (-2 + 1))?
4
What is (-14 - (9 + -12)) + 20?
9
Evaluate -7 + (7 - (-2 - -4 - 0)).
-2
Evaluate (4 - 0) + -5 + (-2 - -8).
5
10 + (-7 - -3) + -5
1
Evaluate -9 + 13 + (-7 - -7).
4
What is (3 - 1) + -6 + (7 - 7)?
-4
What is the value of 32 - 30 - (3 + 1)?
-2
What is 19 - (-6 + 6 - -8) - 4?
7
Calculate 2 + (-4 - (-5 + 0)).
3
Calculate -7 + -1 + (-1 - 0) + 5.
-4
What is 0 - ((-2 - 2 - -5) + -2)?
1
Calculate 0 + (2 - -3) + 61 + -60.
6
What is -21 + 16 - (-1 + 0)?
-4
What is the value of 2 - (-4 + 3 + 3)?
0
What is 0 + -2 + 1 - (-1484 + 1491)?
-8
What is the value of -1 - (-3 - -1 - -1)?
0
What is the value of -6 - (-13 - (1 + -2))?
6
Evaluate 5 + (-6 + -2 - -8).
5
Calculate (2 + -4 + 2 - 1) + 3.
2
What is -4 + 1 + 3 + 1?
1
Evaluate -8 + -7 + 8 + 9.
2
What is 1 + 1 + 2 - 4?
0
What is -2 - -1 - (-2 - 2)?
3
-5 + (6 - (-1 - -5))
-3
Evaluate -7 - (1 - (1 + 10)).
3
Calculate -1 - (-25 - -25 - (-1 + -1)).
-3
Calculate -3 - -1 - (0 + -8).
6
Calculate (-272 - -272) + (6 - 1).
5
What is 11 + -10 + 6 + 1 - 0?
8
What is 0 + 3 - -3 - (10 - 8)?
4
Evaluate -4 - (-3 + 6 + -5).
-2
(0 - 0) + (4 - 9)
-5
Evaluate -6 + 0 - (-31 + 18) - 6.
1
-2 - ((12 - 6) + -12)
4
Calculate (-8 - (1 + -5)) + 6.
2
Evaluate (47 - 51) + (-4 - -2).
-6
Calculate -17 + 20 - (13 - 1).
-9
Calculate 9 + -1 + -2 + 5.
11
What is 8 + (0 - 14) - -6?
0
What is the value of -9 + 1 + -2 + 4?
-6
What is the value of (-2 - (0 + -1)) + 0?
-1
Calculate (-35 - -32) + (0 + -3 - -9).
3
Evaluate 2 + 5 + -2 + -1.
4
Calculate 2 + -5 - (2 - (2 - 1)).
-4
Evaluate -3 + 0 + (-4 - 5 - -3).
-9
3 + -6 - -4 - 0
1
Evaluate -21 + 12 - (1 - 8).
-2
What is the value of (-12 - -3) + 4 + 4?
-1
What is the value of (-11 - -3 - -5) + (13 - 15)?
-5
Calculate (0 - (4 - 1)) + 3.
0
Calculate (-4 + 3 - -5) + -4 - 2.
-2
What is the value of -20 + 4 + -3 + 10?
-9
Calculate 9 - (-5 + 9) - 12.
-7
What is -5 + -2 + (-4 - (-5 + 1))?
-7
Calculate -4 - -1 - (6 + -9 + 7).
-7
What is the value of -2 + (0 - 0) + -1 + -2?
-5
Calculate 4 - 6 - (0 - 2).
0
Calculate (-4 - -1) + 5 - 3.
-1
What is 3 + (4 - 0) - (-6 - -12)?
1
Calculate 0 - (0 + (-2 - -1)) - -3.
4
Evaluate 3 + (12 - 17) + 4.
2
4 + (0 + -1 - (7 + -4))
0
What is (-2 + -1 - 3) + (10 - -4)?
8
Calculate -2 - -1 - 10 - (-104 + 101).
-8
Calculate 0 + 6 + (1 - (16 + 1)).
-10
What is -9 - (-2 + -11) - -3?
7
8 - (7 + -11 + 7)
5
Evaluate -3 - (6 + -2 + 0).
-7
Evaluate -6 + (13 - -1) + -12.
-4
What is the value of -3 - -4 - (2 + -2)?
1
What is the value of -1 - (-4 + (3 - (-4 + 4)))?
0
(-18 - (-13 + -2)) + (-2 - -10)
5
Evaluate 2 - (7 + 1 - 4).
-2
Calculate -5 + (11 - (10 + -4 + -7)).
7
What is the value of 2 + -10 + 4 + 3?
-1
Evaluate (-4 - -11) + -11 + -3 - -3.
-4
Calculate -5 - -11 - (-1 + 6).
1
What is -2 + 5 - (4 + -1 + 1)?
-1
45 + -45 + (-1 - -2)
1
Evaluate -1 - (0 + 0 + -1 + 1).
-1
Calculate 4 - 8 - (1 - (1 - -1)).
-3
Calculate -1 + ((-6 - -6) + 6 - 11).
-6
5 + -3 - (-2 + -3 + 3)
4
Calculate -1 - -7 - (1 - -2).
3
Calculate (-10 + 7 - 2) + -2.
-7
Calculate -2 - 0 - ((-6 - 3) + 2).
5
What is 3 + -6 + 18 - 9?
6
Calculate 6 + -4 + -4 - -1.
-1
What is -5 + -3 + 13 + -15?
-10
What is 3 + -3 - (-5 + 1 + 1)?
3
What is the value of 45 + -33 - (-1 - (3 + -8))?
8
Calculate 4 + 2 + -1 + 2 + -2.
5
What is the value of -2 - -2 - (9 + -12) - 0?
3
What is -2 - (-8 + (-3 - (-1 + -5)))?
3
Calculate 6 + -7 + 2 + -5.
-4
What is the value of (-2 - -6) + (-13 - -7)?
-2
Evaluate 1 - (-1 + -5 + 4) - 1.
2
What is the value of 5 + -4 + -9 - 0?
-8
Evaluate (2 - (-4 + 9)) + 2 + -4.
-5
What is 15 + -1 - (23 - 16)?
7
Calculate -3 - ((6 - 0) + 1 + -4).
-6
Calculate 2 - 8 - (-26 - -18).
2
Calculate -2 + -1 - (-1 + (-1 - 7)).
6
(0 - 12) + (34 - 24)
-2
Evaluate -3 - -8 - (3 + (-4 - -3)).
3
What is -4 - (-7 + 5) - 2?
-4
What is 1 - (7 + -6 + 2)?
-2
-6 - (-8 + 5 + -5)
2
3 - ((-6 + -1 - -12) + 0)
-2
6 - ((-1 - 4) + 11)
0
Calculate (-6 + 0 - 1) + 7.
0
What is 8 + 6 - 6 - (1 + 4)?
3
1 + (0 + -10 - -5)
-4
Calculate (0 - 2) + (-49 - -54).
3
What is 1 + (-2 - 3) + 5?
1
Evaluate -1 + -2 - (-11 + 11 - -2).
-5
What is 2 + -2 + 1 + -3?
-2
Evaluate -136 - -131 - (1 + -1 + -1).
-4
-1 + 8 + 0 - (13 + -4)
-2
-16 + 9 - (-7 - 1)
1
What is the value of 1 + -2 + (1 - 4)?
-4
What is the value of (39 - 36 - (0 - -2)) + -4?
-3
Evaluate -2 + 0 - (-3 - -8 - 2).
-5
Calculate -7 - (6 + -5) - (-4 - 0).
-4
Evaluate (-16 + 13 - (0 - 4)) + -6.
-5
What is 3 + (-7 + 2 + 1 - -2)?
1
Calculate (1 + 1 - -5) + -3 + -1.
3
Evaluate 23 - (14 - 0) - (0 + 6).
3
-2 + -3 - ((2 - 6) + 0)
-1
9 + -4 + (11 - 11)
5
Evaluate 0 - (-3 - (-7 - (-3 + 0))).
-1
3 + (8 + -12 - (-1 - -5))
-5
Evaluate (4 + 3 - 8) + (-4 - 0).
-5
-27 - -22 - (1 + -1)
-5
What is (-2 - -6) + (-6 - 2)?
-4
-3 + -3 - (-2 - (-1 - 0))
-5
What is ((-1 - -4) + 1 - 2) + -5?
-3
Evaluate -1 + -16 - (-53 - -45).
-9
Evaluate -1 - 3 - (10 - (5 + 2)).
-7
What is -1 + 9 + -9 - -5?
4
Calculate (10 - 9 - -4) + -5.
0
(7 + -10 - 3) + 3 + -5
-8
Calculate 5 + (2 - 5) - 0.
2
-1 + 22 + -13 + -14
-6
What is the value of 5 - ((1 + -2 - 4) + 9)?
1
Calculate -2 + (-2 - -5) - (-11 + 17).
-5
Calculate 2 - 1 - (16 - 13).
-2
Calculate 3 + -1 + 1 + -5.
-2
Calculate -4 + -5 + 12 - -1.
4
Calculate -1 + 0 - -1 - (-89 + 94).
-5
-2 + (7 - 3 - -1)
3
3 + (0 - (2 + 0 + 1))
0
What is the value of -6 + 3 + -1 + 9?
5
Evaluate -4 - ((-8 - 1) + -36 + 34).
7
Calculate -2 + 3 + -1 + 5 + -2.
3
Evaluate 11 - 4 - 4 - -2.
5
What is (128 - 120) + 2 + -1?
9
-3 - (12 - 21 - (0 - 3))
3
What is the value of (-4 - (-4 + 4 - 3)) + 4?
3
What 